{"id":20,"date":"2022-09-11T20:00:09","date_gmt":"2022-09-11T20:00:09","guid":{"rendered":"https:\/\/sambor-instalacje.pl\/?page_id=20"},"modified":"2026-03-05T12:34:45","modified_gmt":"2026-03-05T12:34:45","slug":"o-firmie","status":"publish","type":"page","link":"https:\/\/sambor-instalacje.pl\/montaz-i-serwis-wentylacji\/o-firmie\/","title":{"rendered":"O firmie &#8211; SAMBOR WENTYLACJA \/ KLIMATYZACJA"},"content":{"rendered":"\t\t<div data-elementor-type=\"wp-page\" data-elementor-id=\"20\" class=\"elementor elementor-20\">\n\t\t\t\t\t\t<section class=\"elementor-section elementor-top-section elementor-element elementor-element-1349203 elementor-section-boxed elementor-section-height-default elementor-section-height-default\" data-id=\"1349203\" data-element_type=\"section\" data-e-type=\"section\">\n\t\t\t\t\t\t<div class=\"elementor-container elementor-column-gap-default\">\n\t\t\t\t\t<div class=\"elementor-column elementor-col-100 elementor-top-column elementor-element elementor-element-140d912\" data-id=\"140d912\" data-element_type=\"column\" data-e-type=\"column\">\n\t\t\t<div class=\"elementor-widget-wrap elementor-element-populated\">\n\t\t\t\t\t\t<div class=\"elementor-element elementor-element-03a9b2a elementor-shape-circle e-grid-align-right elementor-widget__width-inherit elementor-grid-0 elementor-widget elementor-widget-social-icons\" data-id=\"03a9b2a\" data-element_type=\"widget\" data-e-type=\"widget\" data-widget_type=\"social-icons.default\">\n\t\t\t\t<div class=\"elementor-widget-container\">\n\t\t\t\t\t\t\t<div class=\"elementor-social-icons-wrapper elementor-grid\" role=\"list\">\n\t\t\t\t\t\t\t<span class=\"elementor-grid-item\" role=\"listitem\">\n\t\t\t\t\t<a class=\"elementor-icon elementor-social-icon elementor-social-icon-facebook elementor-animation-grow elementor-repeater-item-ec33990\" href=\"https:\/\/www.facebook.com\/Sambor-instalacje-104902185686375\" target=\"_blank\">\n\t\t\t\t\t\t<span class=\"elementor-screen-only\">Facebook<\/span>\n\t\t\t\t\t\t<i aria-hidden=\"true\" class=\"fab fa-facebook\"><\/i>\t\t\t\t\t<\/a>\n\t\t\t\t<\/span>\n\t\t\t\t\t\t\t<span class=\"elementor-grid-item\" role=\"listitem\">\n\t\t\t\t\t<a class=\"elementor-icon elementor-social-icon elementor-social-icon-google elementor-animation-grow elementor-repeater-item-4dbeca4\" href=\"https:\/\/search.google.com\/local\/writereview?placeid=ChIJEbmdM5zk7wkRkz6Txq23M0Y\" target=\"_blank\">\n\t\t\t\t\t\t<span class=\"elementor-screen-only\">Google<\/span>\n\t\t\t\t\t\t<i aria-hidden=\"true\" class=\"fab fa-google\"><\/i>\t\t\t\t\t<\/a>\n\t\t\t\t<\/span>\n\t\t\t\t\t\t\t<span class=\"elementor-grid-item\" role=\"listitem\">\n\t\t\t\t\t<a class=\"elementor-icon elementor-social-icon elementor-social-icon-whatsapp elementor-animation-grow elementor-repeater-item-64ad978\" href=\"https:\/\/api.whatsapp.com\/send\/?phone=%2B48506838942&#038;text&#038;type=phone_number&#038;app_absent=0\" target=\"_blank\">\n\t\t\t\t\t\t<span class=\"elementor-screen-only\">Whatsapp<\/span>\n\t\t\t\t\t\t<i aria-hidden=\"true\" class=\"fab fa-whatsapp\"><\/i>\t\t\t\t\t<\/a>\n\t\t\t\t<\/span>\n\t\t\t\t\t\t\t<span class=\"elementor-grid-item\" role=\"listitem\">\n\t\t\t\t\t<a class=\"elementor-icon elementor-social-icon elementor-social-icon-facebook-messenger elementor-animation-grow elementor-repeater-item-2255374\" href=\"http:\/\/m.me\/104902185686375\" target=\"_blank\">\n\t\t\t\t\t\t<span class=\"elementor-screen-only\">Facebook-messenger<\/span>\n\t\t\t\t\t\t<i aria-hidden=\"true\" class=\"fab fa-facebook-messenger\"><\/i>\t\t\t\t\t<\/a>\n\t\t\t\t<\/span>\n\t\t\t\t\t<\/div>\n\t\t\t\t\t\t<\/div>\n\t\t\t\t<\/div>\n\t\t\t\t\t<\/div>\n\t\t<\/div>\n\t\t\t\t\t<\/div>\n\t\t<\/section>\n\t\t\t\t<section class=\"elementor-section elementor-top-section elementor-element elementor-element-1078e49 elementor-section-boxed elementor-section-height-default elementor-section-height-default\" data-id=\"1078e49\" data-element_type=\"section\" data-e-type=\"section\">\n\t\t\t\t\t\t<div class=\"elementor-container elementor-column-gap-default\">\n\t\t\t\t\t<div class=\"elementor-column elementor-col-20 elementor-top-column elementor-element elementor-element-6164dd6\" data-id=\"6164dd6\" data-element_type=\"column\" data-e-type=\"column\">\n\t\t\t<div class=\"elementor-widget-wrap elementor-element-populated\">\n\t\t\t\t\t\t<div class=\"elementor-element elementor-element-c2367da elementor-widget__width-auto e-transform elementor-widget elementor-widget-button\" data-id=\"c2367da\" data-element_type=\"widget\" data-e-type=\"widget\" data-settings=\"{&quot;_transform_scale_effect_hover&quot;:{&quot;unit&quot;:&quot;px&quot;,&quot;size&quot;:0.9,&quot;sizes&quot;:[]},&quot;_transform_scale_effect_hover_tablet&quot;:{&quot;unit&quot;:&quot;px&quot;,&quot;size&quot;:&quot;&quot;,&quot;sizes&quot;:[]},&quot;_transform_scale_effect_hover_mobile&quot;:{&quot;unit&quot;:&quot;px&quot;,&quot;size&quot;:&quot;&quot;,&quot;sizes&quot;:[]}}\" data-widget_type=\"button.default\">\n\t\t\t\t<div class=\"elementor-widget-container\">\n\t\t\t\t\t\t\t\t\t<div class=\"elementor-button-wrapper\">\n\t\t\t\t\t<a class=\"elementor-button elementor-button-link elementor-size-sm\" href=\"https:\/\/sambor-instalacje.pl\/montaz-i-serwis-wentylacji\/\">\n\t\t\t\t\t\t<span class=\"elementor-button-content-wrapper\">\n\t\t\t\t\t\t\t\t\t<span class=\"elementor-button-text\">Strona G\u0142\u00f3wna<\/span>\n\t\t\t\t\t<\/span>\n\t\t\t\t\t<\/a>\n\t\t\t\t<\/div>\n\t\t\t\t\t\t\t\t<\/div>\n\t\t\t\t<\/div>\n\t\t\t\t\t<\/div>\n\t\t<\/div>\n\t\t\t\t<div class=\"elementor-column elementor-col-20 elementor-top-column elementor-element elementor-element-2cb4af6\" data-id=\"2cb4af6\" data-element_type=\"column\" data-e-type=\"column\">\n\t\t\t<div class=\"elementor-widget-wrap elementor-element-populated\">\n\t\t\t\t\t\t<div class=\"elementor-element elementor-element-12161a6 elementor-widget__width-auto e-transform elementor-widget elementor-widget-button\" data-id=\"12161a6\" data-element_type=\"widget\" data-e-type=\"widget\" data-settings=\"{&quot;_transform_scale_effect_hover&quot;:{&quot;unit&quot;:&quot;px&quot;,&quot;size&quot;:0.9,&quot;sizes&quot;:[]},&quot;_transform_scale_effect_hover_tablet&quot;:{&quot;unit&quot;:&quot;px&quot;,&quot;size&quot;:&quot;&quot;,&quot;sizes&quot;:[]},&quot;_transform_scale_effect_hover_mobile&quot;:{&quot;unit&quot;:&quot;px&quot;,&quot;size&quot;:&quot;&quot;,&quot;sizes&quot;:[]}}\" data-widget_type=\"button.default\">\n\t\t\t\t<div class=\"elementor-widget-container\">\n\t\t\t\t\t\t\t\t\t<div class=\"elementor-button-wrapper\">\n\t\t\t\t\t<a class=\"elementor-button elementor-button-link elementor-size-sm\" href=\"https:\/\/sambor-instalacje.pl\/montaz-i-serwis-wentylacji\/o-firmie\/\">\n\t\t\t\t\t\t<span class=\"elementor-button-content-wrapper\">\n\t\t\t\t\t\t\t\t\t<span class=\"elementor-button-text\">O Nas<\/span>\n\t\t\t\t\t<\/span>\n\t\t\t\t\t<\/a>\n\t\t\t\t<\/div>\n\t\t\t\t\t\t\t\t<\/div>\n\t\t\t\t<\/div>\n\t\t\t\t\t<\/div>\n\t\t<\/div>\n\t\t\t\t<div class=\"elementor-column elementor-col-20 elementor-top-column elementor-element elementor-element-2392277\" data-id=\"2392277\" data-element_type=\"column\" data-e-type=\"column\">\n\t\t\t<div class=\"elementor-widget-wrap elementor-element-populated\">\n\t\t\t\t\t\t<div class=\"elementor-element elementor-element-e38ea32 elementor-widget__width-auto e-transform elementor-widget elementor-widget-button\" data-id=\"e38ea32\" data-element_type=\"widget\" data-e-type=\"widget\" data-settings=\"{&quot;_transform_scale_effect_hover&quot;:{&quot;unit&quot;:&quot;px&quot;,&quot;size&quot;:0.9,&quot;sizes&quot;:[]},&quot;_transform_scale_effect_hover_tablet&quot;:{&quot;unit&quot;:&quot;px&quot;,&quot;size&quot;:&quot;&quot;,&quot;sizes&quot;:[]},&quot;_transform_scale_effect_hover_mobile&quot;:{&quot;unit&quot;:&quot;px&quot;,&quot;size&quot;:&quot;&quot;,&quot;sizes&quot;:[]}}\" data-widget_type=\"button.default\">\n\t\t\t\t<div class=\"elementor-widget-container\">\n\t\t\t\t\t\t\t\t\t<div class=\"elementor-button-wrapper\">\n\t\t\t\t\t<a class=\"elementor-button elementor-button-link elementor-size-sm\" href=\"https:\/\/sambor-instalacje.pl\/montaz-i-serwis-wentylacji\/oferta\/\">\n\t\t\t\t\t\t<span class=\"elementor-button-content-wrapper\">\n\t\t\t\t\t\t\t\t\t<span class=\"elementor-button-text\">Oferta<\/span>\n\t\t\t\t\t<\/span>\n\t\t\t\t\t<\/a>\n\t\t\t\t<\/div>\n\t\t\t\t\t\t\t\t<\/div>\n\t\t\t\t<\/div>\n\t\t\t\t\t<\/div>\n\t\t<\/div>\n\t\t\t\t<div class=\"elementor-column elementor-col-20 elementor-top-column elementor-element elementor-element-d3d389a\" data-id=\"d3d389a\" data-element_type=\"column\" data-e-type=\"column\">\n\t\t\t<div class=\"elementor-widget-wrap elementor-element-populated\">\n\t\t\t\t\t\t<div class=\"elementor-element elementor-element-b009918 elementor-widget__width-auto e-transform elementor-widget elementor-widget-button\" data-id=\"b009918\" data-element_type=\"widget\" data-e-type=\"widget\" data-settings=\"{&quot;_transform_scale_effect_hover&quot;:{&quot;unit&quot;:&quot;px&quot;,&quot;size&quot;:0.9,&quot;sizes&quot;:[]},&quot;_transform_scale_effect_hover_tablet&quot;:{&quot;unit&quot;:&quot;px&quot;,&quot;size&quot;:&quot;&quot;,&quot;sizes&quot;:[]},&quot;_transform_scale_effect_hover_mobile&quot;:{&quot;unit&quot;:&quot;px&quot;,&quot;size&quot;:&quot;&quot;,&quot;sizes&quot;:[]}}\" data-widget_type=\"button.default\">\n\t\t\t\t<div class=\"elementor-widget-container\">\n\t\t\t\t\t\t\t\t\t<div class=\"elementor-button-wrapper\">\n\t\t\t\t\t<a class=\"elementor-button elementor-button-link elementor-size-sm\" href=\"https:\/\/sambor-instalacje.pl\/montaz-i-serwis-wentylacji\/realizacje\/\">\n\t\t\t\t\t\t<span class=\"elementor-button-content-wrapper\">\n\t\t\t\t\t\t\t\t\t<span class=\"elementor-button-text\">Realizacje<\/span>\n\t\t\t\t\t<\/span>\n\t\t\t\t\t<\/a>\n\t\t\t\t<\/div>\n\t\t\t\t\t\t\t\t<\/div>\n\t\t\t\t<\/div>\n\t\t\t\t\t<\/div>\n\t\t<\/div>\n\t\t\t\t<div class=\"elementor-column elementor-col-20 elementor-top-column elementor-element elementor-element-7129a75\" data-id=\"7129a75\" data-element_type=\"column\" data-e-type=\"column\">\n\t\t\t<div class=\"elementor-widget-wrap elementor-element-populated\">\n\t\t\t\t\t\t<div class=\"elementor-element elementor-element-9c3541c elementor-widget__width-auto e-transform elementor-widget elementor-widget-button\" data-id=\"9c3541c\" data-element_type=\"widget\" data-e-type=\"widget\" data-settings=\"{&quot;_transform_scale_effect_hover&quot;:{&quot;unit&quot;:&quot;px&quot;,&quot;size&quot;:0.9,&quot;sizes&quot;:[]},&quot;_transform_scale_effect_hover_tablet&quot;:{&quot;unit&quot;:&quot;px&quot;,&quot;size&quot;:&quot;&quot;,&quot;sizes&quot;:[]},&quot;_transform_scale_effect_hover_mobile&quot;:{&quot;unit&quot;:&quot;px&quot;,&quot;size&quot;:&quot;&quot;,&quot;sizes&quot;:[]}}\" data-widget_type=\"button.default\">\n\t\t\t\t<div class=\"elementor-widget-container\">\n\t\t\t\t\t\t\t\t\t<div class=\"elementor-button-wrapper\">\n\t\t\t\t\t<a class=\"elementor-button elementor-button-link elementor-size-sm\" href=\"https:\/\/sambor-instalacje.pl\/montaz-i-serwis-wentylacji\/kontakt\/\">\n\t\t\t\t\t\t<span class=\"elementor-button-content-wrapper\">\n\t\t\t\t\t\t\t\t\t<span class=\"elementor-button-text\">Kontakt<\/span>\n\t\t\t\t\t<\/span>\n\t\t\t\t\t<\/a>\n\t\t\t\t<\/div>\n\t\t\t\t\t\t\t\t<\/div>\n\t\t\t\t<\/div>\n\t\t\t\t\t<\/div>\n\t\t<\/div>\n\t\t\t\t\t<\/div>\n\t\t<\/section>\n\t\t\t\t<section class=\"elementor-section elementor-top-section elementor-element elementor-element-aa68d7f elementor-section-boxed elementor-section-height-default elementor-section-height-default\" data-id=\"aa68d7f\" data-element_type=\"section\" data-e-type=\"section\">\n\t\t\t\t\t\t<div class=\"elementor-container elementor-column-gap-default\">\n\t\t\t\t\t<div class=\"elementor-column elementor-col-33 elementor-top-column elementor-element elementor-element-c9b7643\" data-id=\"c9b7643\" data-element_type=\"column\" data-e-type=\"column\">\n\t\t\t<div class=\"elementor-widget-wrap elementor-element-populated\">\n\t\t\t\t\t\t<div class=\"elementor-element elementor-element-33bfa97 elementor-widget elementor-widget-image\" data-id=\"33bfa97\" data-element_type=\"widget\" data-e-type=\"widget\" data-widget_type=\"image.default\">\n\t\t\t\t<div class=\"elementor-widget-container\">\n\t\t\t\t\t\t\t\t\t\t\t\t\t\t\t<img fetchpriority=\"high\" decoding=\"async\" width=\"512\" height=\"512\" src=\"https:\/\/sambor-instalacje.pl\/wp-content\/uploads\/2026\/02\/cropped-Projekt-bez-nazwy-7.png\" class=\"attachment-large size-large wp-image-2169\" alt=\"\" srcset=\"https:\/\/sambor-instalacje.pl\/wp-content\/uploads\/2026\/02\/cropped-Projekt-bez-nazwy-7.png 512w, https:\/\/sambor-instalacje.pl\/wp-content\/uploads\/2026\/02\/cropped-Projekt-bez-nazwy-7-300x300.png 300w, https:\/\/sambor-instalacje.pl\/wp-content\/uploads\/2026\/02\/cropped-Projekt-bez-nazwy-7-150x150.png 150w, https:\/\/sambor-instalacje.pl\/wp-content\/uploads\/2026\/02\/cropped-Projekt-bez-nazwy-7-270x270.png 270w, https:\/\/sambor-instalacje.pl\/wp-content\/uploads\/2026\/02\/cropped-Projekt-bez-nazwy-7-192x192.png 192w, https:\/\/sambor-instalacje.pl\/wp-content\/uploads\/2026\/02\/cropped-Projekt-bez-nazwy-7-180x180.png 180w, https:\/\/sambor-instalacje.pl\/wp-content\/uploads\/2026\/02\/cropped-Projekt-bez-nazwy-7-32x32.png 32w\" sizes=\"(max-width: 512px) 100vw, 512px\" \/>\t\t\t\t\t\t\t\t\t\t\t\t\t\t\t<\/div>\n\t\t\t\t<\/div>\n\t\t\t\t\t<\/div>\n\t\t<\/div>\n\t\t\t\t<div class=\"elementor-column elementor-col-66 elementor-top-column elementor-element elementor-element-27a2073\" data-id=\"27a2073\" data-element_type=\"column\" data-e-type=\"column\">\n\t\t\t<div class=\"elementor-widget-wrap elementor-element-populated\">\n\t\t\t\t\t\t<div class=\"elementor-element elementor-element-bbb0b3d elementor-widget__width-inherit elementor-absolute elementor-widget elementor-widget-heading\" data-id=\"bbb0b3d\" data-element_type=\"widget\" data-e-type=\"widget\" data-settings=\"{&quot;_position&quot;:&quot;absolute&quot;}\" data-widget_type=\"heading.default\">\n\t\t\t\t<div class=\"elementor-widget-container\">\n\t\t\t\t\t<h2 class=\"elementor-heading-title elementor-size-default\">O mnie \u2013 SAMBOR Krystian Pasierbski<\/h2>\t\t\t\t<\/div>\n\t\t\t\t<\/div>\n\t\t\t\t\t<\/div>\n\t\t<\/div>\n\t\t\t\t\t<\/div>\n\t\t<\/section>\n\t\t\t\t<section class=\"elementor-section elementor-top-section elementor-element elementor-element-1af4351 elementor-section-boxed elementor-section-height-default elementor-section-height-default\" data-id=\"1af4351\" data-element_type=\"section\" data-e-type=\"section\">\n\t\t\t\t\t\t<div class=\"elementor-container elementor-column-gap-default\">\n\t\t\t\t\t<div class=\"elementor-column elementor-col-100 elementor-top-column elementor-element elementor-element-823c9a1\" data-id=\"823c9a1\" data-element_type=\"column\" data-e-type=\"column\">\n\t\t\t<div class=\"elementor-widget-wrap\">\n\t\t\t\t\t\t\t<\/div>\n\t\t<\/div>\n\t\t\t\t\t<\/div>\n\t\t<\/section>\n\t\t\t\t<section class=\"elementor-section elementor-top-section elementor-element elementor-element-9436ece elementor-section-boxed elementor-section-height-default elementor-section-height-default\" data-id=\"9436ece\" data-element_type=\"section\" data-e-type=\"section\">\n\t\t\t\t\t\t<div class=\"elementor-container elementor-column-gap-default\">\n\t\t\t\t\t<div class=\"elementor-column elementor-col-100 elementor-top-column elementor-element elementor-element-45c9aed\" data-id=\"45c9aed\" data-element_type=\"column\" data-e-type=\"column\">\n\t\t\t<div class=\"elementor-widget-wrap elementor-element-populated\">\n\t\t\t\t\t\t<div class=\"elementor-element elementor-element-d9b8bf3 elementor-widget elementor-widget-text-editor\" data-id=\"d9b8bf3\" data-element_type=\"widget\" data-e-type=\"widget\" data-widget_type=\"text-editor.default\">\n\t\t\t\t<div class=\"elementor-widget-container\">\n\t\t\t\t\t\t\t\t\t<p data-start=\"317\" data-end=\"744\">Nazywam si\u0119 <strong data-start=\"329\" data-end=\"352\">Krystian Pasierbski<\/strong> i jestem w\u0142a\u015bcicielem firmy <span class=\"hover:entity-accent entity-underline inline cursor-pointer align-baseline\"><span class=\"whitespace-normal\">SAMBOR<\/span><\/span>. Od <strong data-start=\"468\" data-end=\"481\">2022 roku<\/strong> realizuj\u0119 projekty z zakresu <strong data-start=\"511\" data-end=\"553\">wentylacji, klimatyzacji i rekuperacji<\/strong>, a tak\u017ce instalacji hydraulicznych i lokalizacji wyciek\u00f3w \u2013 przede wszystkim dla klient\u00f3w z <strong data-start=\"646\" data-end=\"705\">Gdyni, Gda\u0144ska, Sopotu i ca\u0142ego Wojew\u00f3dztwa Pomorskiego<\/strong>.<\/p><p data-start=\"746\" data-end=\"1132\">Moja firma powsta\u0142a z pasji do nowoczesnych instalacji technicznych i ch\u0119ci zapewnienia klientom komfortu, zdrowego powietrza i bezpiecze\u0144stwa w ich przestrzeniach mieszkalnych lub komercyjnych. Dzi\u0119ki takiemu podej\u015bciu, realizacje wykonuj\u0119 zawsze z naciskiem na <strong data-start=\"1009\" data-end=\"1093\">wysok\u0105 jako\u015b\u0107, efektywno\u015b\u0107 oraz zgodno\u015b\u0107 z aktualnymi normami technicznymi i BHP<\/strong>.<\/p><p data-start=\"1134\" data-end=\"1394\">W SAMBOR koncentrujemy si\u0119 na rozwi\u0105zaniach dopasowanych do indywidualnych potrzeb \u2013 nie tylko wykonujemy monta\u017c system\u00f3w, lecz tak\u017ce doradzamy i optymalizujemy je pod k\u0105tem <strong data-start=\"1308\" data-end=\"1355\">komfortu u\u017cytkowania i koszt\u00f3w eksploatacji<\/strong>.<\/p><p data-start=\"1396\" data-end=\"1644\">Opinie naszych klient\u00f3w potwierdzaj\u0105, \u017ce warto nam zaufa\u0107 \u2014 wiele z nich podkre\u015bla <strong data-start=\"1479\" data-end=\"1551\">profesjonalizm, szybki kontakt, rzetelno\u015b\u0107 i fachowe wykonanie us\u0142ug<\/strong> w obszarze <strong data-start=\"1563\" data-end=\"1605\">wentylacji, klimatyzacji i rekuperacji<\/strong>.<\/p><hr data-start=\"1646\" data-end=\"1649\" \/><h2 data-start=\"1651\" data-end=\"1683\">Dlaczego warto wybra\u0107 SAMBOR?<\/h2><p data-start=\"1685\" data-end=\"1718\">W swojej dzia\u0142alno\u015bci stawiam na:<\/p><ul data-start=\"1720\" data-end=\"2067\"><li data-start=\"1720\" data-end=\"1803\"><p data-start=\"1722\" data-end=\"1803\"><strong data-start=\"1722\" data-end=\"1760\">\u00a0kontakt z klientem<\/strong> \u2013 dok\u0142adnie rozumiem potrzeby inwestora,<\/p><\/li><li data-start=\"1804\" data-end=\"1855\"><p data-start=\"1806\" data-end=\"1855\"><strong data-start=\"1806\" data-end=\"1834\">rzetelno\u015b\u0107 i terminowo\u015b\u0107<\/strong> realizacji zlece\u0144,<\/p><\/li><li data-start=\"1856\" data-end=\"1918\"><p data-start=\"1858\" data-end=\"1918\"><strong data-start=\"1858\" data-end=\"1891\">rozs\u0105dne doradztwo techniczne<\/strong> oparte na do\u015bwiadczeniu,<\/p><\/li><li data-start=\"1919\" data-end=\"1970\"><p data-start=\"1921\" data-end=\"1970\"><strong data-start=\"1921\" data-end=\"1967\">indywidualne podej\u015bcie do ka\u017cdego projektu<\/strong>,<\/p><\/li><li data-start=\"1971\" data-end=\"2067\"><p data-start=\"1973\" data-end=\"2067\"><strong data-start=\"1973\" data-end=\"2028\">sta\u0142e podnoszenie kwalifikacji i jako\u015bci realizacji<\/strong>.<\/p><\/li><\/ul><p data-start=\"2069\" data-end=\"2216\">Dzi\u0119ki temu, wybieraj\u0105c nasz\u0105 firm\u0119, zyskujesz partnera, kt\u00f3ry traktuje Twoj\u0105 inwestycj\u0119 jak w\u0142asn\u0105 \u2014 z pe\u0142nym zaanga\u017cowaniem i odpowiedzialno\u015bci\u0105.<\/p><p data-start=\"2218\" data-end=\"2410\">Je\u017celi zale\u017cy Ci na <strong data-start=\"2238\" data-end=\"2322\">bezawaryjnych rozwi\u0105zaniach wentylacyjnych, klimatyzacyjnych lub rekuperacyjnych<\/strong>, w oparciu o do\u015bwiadczenie, wiedz\u0119 i indywidualne podej\u015bcie \u2013 zapraszam do kontaktu.\u00a0<\/p><p>\u00a0<\/p><h2>\u00a0<\/h2><h2 style=\"text-align: center;\"><span style=\"font-family: Roboto; color: #333333; background-image: initial; background-position: initial; background-size: initial; background-repeat: initial; background-attachment: initial; background-origin: initial; background-clip: initial;\"><span style=\"font-family: Roboto; padding: 0cm; border: 1pt none windowtext;\"><em><strong>\u00a0 \u00a0 \u00a0 \u00a0 \u00a0 \u00a0 Krystian Pasierbski<\/strong><\/em><\/span><\/span><\/h2>\t\t\t\t\t\t\t\t<\/div>\n\t\t\t\t<\/div>\n\t\t\t\t\t<\/div>\n\t\t<\/div>\n\t\t\t\t\t<\/div>\n\t\t<\/section>\n\t\t\t\t<section class=\"elementor-section elementor-top-section elementor-element elementor-element-3780f37 elementor-section-boxed elementor-section-height-default elementor-section-height-default\" data-id=\"3780f37\" data-element_type=\"section\" data-e-type=\"section\">\n\t\t\t\t\t\t<div class=\"elementor-container elementor-column-gap-default\">\n\t\t\t\t\t<div class=\"elementor-column elementor-col-100 elementor-top-column elementor-element elementor-element-8bc7a5c\" data-id=\"8bc7a5c\" data-element_type=\"column\" data-e-type=\"column\">\n\t\t\t<div class=\"elementor-widget-wrap elementor-element-populated\">\n\t\t\t\t\t\t<div class=\"elementor-element elementor-element-8d4b806 elementor-widget elementor-widget-text-editor\" data-id=\"8d4b806\" data-element_type=\"widget\" data-e-type=\"widget\" data-widget_type=\"text-editor.default\">\n\t\t\t\t<div class=\"elementor-widget-container\">\n\t\t\t\t\t\t\t\t\t<p style=\"text-align: center;\">\u00a9 Copyright sambor-instalacje.pl. All Rights Reserved<\/p><p><a href=\"https:\/\/sambor-instalacje.pl\/montaz-i-serwis-wentylacji\/polityka-prywatnosci\/\">Polityka Prywatno\u015bci<\/a><\/p>\t\t\t\t\t\t\t\t<\/div>\n\t\t\t\t<\/div>\n\t\t\t\t\t<\/div>\n\t\t<\/div>\n\t\t\t\t\t<\/div>\n\t\t<\/section>\n\t\t\t\t<\/div>\n\t\t","protected":false},"excerpt":{"rendered":"<p>Facebook Google Whatsapp Facebook-messenger Strona G\u0142\u00f3wna O Nas Oferta Realizacje Kontakt O mnie \u2013 SAMBOR Krystian Pasierbski Nazywam si\u0119 Krystian Pasierbski i jestem w\u0142a\u015bcicielem firmy SAMBOR. Od 2022 roku realizuj\u0119 projekty z zakresu wentylacji, klimatyzacji i rekuperacji, a tak\u017ce instalacji hydraulicznych i lokalizacji wyciek\u00f3w \u2013 przede wszystkim dla klient\u00f3w z Gdyni, Gda\u0144ska, Sopotu i ca\u0142ego [&hellip;]<\/p>\n","protected":false},"author":1,"featured_media":2168,"parent":0,"menu_order":0,"comment_status":"closed","ping_status":"closed","template":"","meta":{"ocean_post_layout":"full-screen","ocean_both_sidebars_style":"","ocean_both_sidebars_content_width":0,"ocean_both_sidebars_sidebars_width":0,"ocean_sidebar":"0","ocean_second_sidebar":"0","ocean_disable_margins":"enable","ocean_add_body_class":"","ocean_shortcode_before_top_bar":"","ocean_shortcode_after_top_bar":"","ocean_shortcode_before_header":"","ocean_shortcode_after_header":"","ocean_has_shortcode":"","ocean_shortcode_after_title":"","ocean_shortcode_before_footer_widgets":"","ocean_shortcode_after_footer_widgets":"","ocean_shortcode_before_footer_bottom":"","ocean_shortcode_after_footer_bottom":"","ocean_display_top_bar":"off","ocean_display_header":"off","ocean_header_style":"","ocean_center_header_left_menu":"0","ocean_custom_header_template":"0","ocean_custom_logo":0,"ocean_custom_retina_logo":0,"ocean_custom_logo_max_width":0,"ocean_custom_logo_tablet_max_width":0,"ocean_custom_logo_mobile_max_width":0,"ocean_custom_logo_max_height":0,"ocean_custom_logo_tablet_max_height":0,"ocean_custom_logo_mobile_max_height":0,"ocean_header_custom_menu":"0","ocean_menu_typo_font_family":"0","ocean_menu_typo_font_subset":"","ocean_menu_typo_font_size":0,"ocean_menu_typo_font_size_tablet":0,"ocean_menu_typo_font_size_mobile":0,"ocean_menu_typo_font_size_unit":"px","ocean_menu_typo_font_weight":"","ocean_menu_typo_font_weight_tablet":"","ocean_menu_typo_font_weight_mobile":"","ocean_menu_typo_transform":"","ocean_menu_typo_transform_tablet":"","ocean_menu_typo_transform_mobile":"","ocean_menu_typo_line_height":0,"ocean_menu_typo_line_height_tablet":0,"ocean_menu_typo_line_height_mobile":0,"ocean_menu_typo_line_height_unit":"","ocean_menu_typo_spacing":0,"ocean_menu_typo_spacing_tablet":0,"ocean_menu_typo_spacing_mobile":0,"ocean_menu_typo_spacing_unit":"","ocean_menu_link_color":"","ocean_menu_link_color_hover":"","ocean_menu_link_color_active":"","ocean_menu_link_background":"","ocean_menu_link_hover_background":"","ocean_menu_link_active_background":"","ocean_menu_social_links_bg":"","ocean_menu_social_hover_links_bg":"","ocean_menu_social_links_color":"","ocean_menu_social_hover_links_color":"","ocean_disable_title":"on","ocean_disable_heading":"default","ocean_post_title":"","ocean_post_subheading":"","ocean_post_title_style":"","ocean_post_title_background_color":"","ocean_post_title_background":0,"ocean_post_title_bg_image_position":"","ocean_post_title_bg_image_attachment":"","ocean_post_title_bg_image_repeat":"","ocean_post_title_bg_image_size":"","ocean_post_title_height":0,"ocean_post_title_bg_overlay":0.5,"ocean_post_title_bg_overlay_color":"","ocean_disable_breadcrumbs":"default","ocean_breadcrumbs_color":"","ocean_breadcrumbs_separator_color":"","ocean_breadcrumbs_links_color":"","ocean_breadcrumbs_links_hover_color":"","ocean_display_footer_widgets":"off","ocean_display_footer_bottom":"off","ocean_custom_footer_template":"0","footnotes":""},"class_list":["post-20","page","type-page","status-publish","has-post-thumbnail","hentry","entry","has-media"],"aioseo_notices":[],"_links":{"self":[{"href":"https:\/\/sambor-instalacje.pl\/montaz-i-serwis-wentylacji\/wp-json\/wp\/v2\/pages\/20","targetHints":{"allow":["GET"]}}],"collection":[{"href":"https:\/\/sambor-instalacje.pl\/montaz-i-serwis-wentylacji\/wp-json\/wp\/v2\/pages"}],"about":[{"href":"https:\/\/sambor-instalacje.pl\/montaz-i-serwis-wentylacji\/wp-json\/wp\/v2\/types\/page"}],"author":[{"embeddable":true,"href":"https:\/\/sambor-instalacje.pl\/montaz-i-serwis-wentylacji\/wp-json\/wp\/v2\/users\/1"}],"replies":[{"embeddable":true,"href":"https:\/\/sambor-instalacje.pl\/montaz-i-serwis-wentylacji\/wp-json\/wp\/v2\/comments?post=20"}],"version-history":[{"count":54,"href":"https:\/\/sambor-instalacje.pl\/montaz-i-serwis-wentylacji\/wp-json\/wp\/v2\/pages\/20\/revisions"}],"predecessor-version":[{"id":2285,"href":"https:\/\/sambor-instalacje.pl\/montaz-i-serwis-wentylacji\/wp-json\/wp\/v2\/pages\/20\/revisions\/2285"}],"wp:featuredmedia":[{"embeddable":true,"href":"https:\/\/sambor-instalacje.pl\/montaz-i-serwis-wentylacji\/wp-json\/wp\/v2\/media\/2168"}],"wp:attachment":[{"href":"https:\/\/sambor-instalacje.pl\/montaz-i-serwis-wentylacji\/wp-json\/wp\/v2\/media?parent=20"}],"curies":[{"name":"wp","href":"https:\/\/api.w.org\/{rel}","templated":true}]}}